{"id":49,"date":"2020-01-23T17:47:56","date_gmt":"2020-01-23T17:47:56","guid":{"rendered":"http:\/\/kommunikationsberatung-reintjes.ch\/?page_id=49"},"modified":"2024-09-24T18:47:14","modified_gmt":"2024-09-24T18:47:14","slug":"gelungener-auftritt-vor-einem-publikum","status":"publish","type":"page","link":"https:\/\/kommunikationsberatung-reintjes.ch\/?page_id=49","title":{"rendered":"Vortr\u00e4ge halten: Lebendig und \u00fcberzeugend"},"content":{"rendered":"\n<h3 class=\"wp-block-heading\">Vortragen: Lebendig und \u00fcberzeugend<\/h3>\n\n\n\n<p>Es ist keine Zauberei gute Vortr\u00e4ge zu halten, ob eine Projektvorstellung vor Vorst\u00e4nden und F\u00f6rderern, ein Fachreferat, Ansprachen im beruflichen Umfeld, Reden im Kollegium und bei Familienfesten oder in einem anderen Kontext.<\/p>\n\n\n\n<h3 class=\"wp-block-heading\" id=\"heading\">Ihr Vortrag wird lebendig und zielf\u00fchrend mit der quadratischen Vortragskunst<\/h3>\n\n\n<div class=\"wp-block-image\">\n<figure class=\"alignright size-large is-resized\"><img loading=\"lazy\" decoding=\"async\" src=\"http:\/\/kommunikationsberatung-reintjes.ch\/wp-content\/uploads\/2020\/04\/bild-1.png\" alt=\"\" class=\"wp-image-329\" width=\"161\" height=\"172\" srcset=\"https:\/\/kommunikationsberatung-reintjes.ch\/wp-content\/uploads\/2020\/04\/bild-1.png 350w, https:\/\/kommunikationsberatung-reintjes.ch\/wp-content\/uploads\/2020\/04\/bild-1-279x300.png 279w\" sizes=\"auto, (max-width: 161px) 100vw, 161px\" \/><figcaption class=\"wp-element-caption\">Das Kommunikationsquadrat nach Friedemann Schulz von Thun<\/figcaption><\/figure>\n<\/div>\n\n\n<ul class=\"wp-block-list\">\n<li>Mit einer stimmigen inneren Haltung (Selbstkundgabe)<\/li>\n\n\n\n<li>Mit der F\u00e4higkeit, die H\u00f6rerschaft pers\u00f6nlich anzusprechen (Beziehungsebene)<\/li>\n\n\n\n<li>Mit einem sachlichen und strukturierten Inhalt (Sachebene)<\/li>\n\n\n\n<li>Mit \u00dcberzeugungskraft (Appellebene)<\/li>\n<\/ul>\n\n\n\n<p><mark style=\"background-color:rgba(0, 0, 0, 0)\" class=\"has-inline-color has-quinary-color\">Absatz<br>Absatz<\/mark><\/p>\n\n\n\n<h3 class=\"wp-block-heading\">Ich biete Seminare oder Einzelcoaching zur Vortragskunst an, f\u00fcr Frauengruppen aus frauenspezifischer Sicht.<\/h3>\n\n\n\n<h3 class=\"wp-block-heading\" id=\"heading\"><strong>Inhalte des Seminars<\/strong><\/h3>\n\n\n\n<ul class=\"wp-block-list\">\n<li>Sie erwerben ein praktisches Handwerkzeug f\u00fcr Ihren Auftritt:<br>K\u00f6rpersprache, Stimme, Aufbau der Rede, innere Kompetenzen<\/li>\n\n\n\n<li>Spontanauftritt: Was ist zu tun?<\/li>\n\n\n\n<li>Feed-back: Wie wirke ich?<\/li>\n\n\n\n<li>Umgang mit St\u00f6rungen<\/li>\n\n\n\n<li>Praxis\u00fcbungen<\/li>\n\n\n\n<li>Sie erhalten Beratung und Training f\u00fcr Ihr pers\u00f6nliches Anliegen<\/li>\n\n\n\n<li>Auf der Grundlage des Kommunikationsquadrates<\/li>\n<\/ul>\n\n\n\n<div class=\"wp-block-group\"><div class=\"wp-block-group__inner-container is-layout-flow wp-block-group-is-layout-flow\">\n<h3 class=\"heading wp-block-heading\"><strong>Zeit, Ort und Kosten auf Absprache<\/strong><\/h3>\n<\/div><\/div>\n\n\n\n<p>Ich gebe gerne Auskunft. Z\u00f6gern Sie nicht, sich unverbindlich zu informieren.<br><br>Rosemarie Reintjes<br><a href=\"http:\/\/kommunikationsberatung-reintjes.ch\/?page_id=61\">Kontakt<\/a><\/p>\n\n\n\n<p><\/p>\n","protected":false},"excerpt":{"rendered":"<p>Vortragen: Lebendig und \u00fcberzeugend Es ist keine Zauberei gute Vortr\u00e4ge zu halten, ob eine Projektvorstellung vor Vorst\u00e4nden und F\u00f6rderern, ein&hellip;<\/p>\n","protected":false},"author":1,"featured_media":0,"parent":0,"menu_order":0,"comment_status":"closed","ping_status":"closed","template":"","meta":{"footnotes":""},"class_list":["post-49","page","type-page","status-publish","hentry"],"yoast_head":"<!-- This site is optimized with the Yoast SEO plugin v27.5 - https:\/\/yoast.com\/product\/yoast-seo-wordpress\/ -->\n<title>Vortr\u00e4ge halten: Lebendig und \u00fcberzeugend - Kommunikationsberatung Reintjes<\/title>\n<meta name=\"robots\" content=\"index, follow, max-snippet:-1, max-image-preview:large, max-video-preview:-1\" \/>\n<link rel=\"canonical\" href=\"https:\/\/kommunikationsberatung-reintjes.ch\/?page_id=49\" \/>\n<meta property=\"og:locale\" content=\"de_DE\" \/>\n<meta property=\"og:type\" content=\"article\" \/>\n<meta property=\"og:title\" content=\"Vortr\u00e4ge halten: Lebendig und \u00fcberzeugend - Kommunikationsberatung Reintjes\" \/>\n<meta property=\"og:description\" content=\"Vortragen: Lebendig und \u00fcberzeugend Es ist keine Zauberei gute Vortr\u00e4ge zu halten, ob eine Projektvorstellung vor Vorst\u00e4nden und F\u00f6rderern, ein&hellip;\" \/>\n<meta property=\"og:url\" content=\"https:\/\/kommunikationsberatung-reintjes.ch\/?page_id=49\" \/>\n<meta property=\"og:site_name\" content=\"Kommunikationsberatung Reintjes\" \/>\n<meta property=\"article:modified_time\" content=\"2024-09-24T18:47:14+00:00\" \/>\n<meta property=\"og:image\" content=\"http:\/\/kommunikationsberatung-reintjes.ch\/wp-content\/uploads\/2020\/04\/bild-1.png\" \/>\n<meta name=\"twitter:card\" content=\"summary_large_image\" \/>\n<meta name=\"twitter:label1\" content=\"Gesch\u00e4tzte Lesezeit\" \/>\n\t<meta name=\"twitter:data1\" content=\"1\u00a0Minute\" \/>\n<script type=\"application\/ld+json\" class=\"yoast-schema-graph\">{\"@context\":\"https:\\\/\\\/schema.org\",\"@graph\":[{\"@type\":\"WebPage\",\"@id\":\"https:\\\/\\\/kommunikationsberatung-reintjes.ch\\\/?page_id=49\",\"url\":\"https:\\\/\\\/kommunikationsberatung-reintjes.ch\\\/?page_id=49\",\"name\":\"Vortr\u00e4ge halten: Lebendig und \u00fcberzeugend - Kommunikationsberatung Reintjes\",\"isPartOf\":{\"@id\":\"https:\\\/\\\/kommunikationsberatung-reintjes.ch\\\/#website\"},\"primaryImageOfPage\":{\"@id\":\"https:\\\/\\\/kommunikationsberatung-reintjes.ch\\\/?page_id=49#primaryimage\"},\"image\":{\"@id\":\"https:\\\/\\\/kommunikationsberatung-reintjes.ch\\\/?page_id=49#primaryimage\"},\"thumbnailUrl\":\"http:\\\/\\\/kommunikationsberatung-reintjes.ch\\\/wp-content\\\/uploads\\\/2020\\\/04\\\/bild-1.png\",\"datePublished\":\"2020-01-23T17:47:56+00:00\",\"dateModified\":\"2024-09-24T18:47:14+00:00\",\"breadcrumb\":{\"@id\":\"https:\\\/\\\/kommunikationsberatung-reintjes.ch\\\/?page_id=49#breadcrumb\"},\"inLanguage\":\"de\",\"potentialAction\":[{\"@type\":\"ReadAction\",\"target\":[\"https:\\\/\\\/kommunikationsberatung-reintjes.ch\\\/?page_id=49\"]}]},{\"@type\":\"ImageObject\",\"inLanguage\":\"de\",\"@id\":\"https:\\\/\\\/kommunikationsberatung-reintjes.ch\\\/?page_id=49#primaryimage\",\"url\":\"https:\\\/\\\/kommunikationsberatung-reintjes.ch\\\/wp-content\\\/uploads\\\/2020\\\/04\\\/bild-1.png\",\"contentUrl\":\"https:\\\/\\\/kommunikationsberatung-reintjes.ch\\\/wp-content\\\/uploads\\\/2020\\\/04\\\/bild-1.png\",\"width\":350,\"height\":376},{\"@type\":\"BreadcrumbList\",\"@id\":\"https:\\\/\\\/kommunikationsberatung-reintjes.ch\\\/?page_id=49#breadcrumb\",\"itemListElement\":[{\"@type\":\"ListItem\",\"position\":1,\"name\":\"Startseite\",\"item\":\"https:\\\/\\\/kommunikationsberatung-reintjes.ch\\\/\"},{\"@type\":\"ListItem\",\"position\":2,\"name\":\"Vortr\u00e4ge halten: Lebendig und \u00fcberzeugend\"}]},{\"@type\":\"WebSite\",\"@id\":\"https:\\\/\\\/kommunikationsberatung-reintjes.ch\\\/#website\",\"url\":\"https:\\\/\\\/kommunikationsberatung-reintjes.ch\\\/\",\"name\":\"Kommunikationsberatung Reintjes\",\"description\":\"F\u00fchrungskr\u00e4fte\u2013Entwicklung\",\"potentialAction\":[{\"@type\":\"SearchAction\",\"target\":{\"@type\":\"EntryPoint\",\"urlTemplate\":\"https:\\\/\\\/kommunikationsberatung-reintjes.ch\\\/?s={search_term_string}\"},\"query-input\":{\"@type\":\"PropertyValueSpecification\",\"valueRequired\":true,\"valueName\":\"search_term_string\"}}],\"inLanguage\":\"de\"}]}<\/script>\n<!-- \/ Yoast SEO plugin. -->","yoast_head_json":{"title":"Vortr\u00e4ge halten: Lebendig und \u00fcberzeugend - Kommunikationsberatung Reintjes","robots":{"index":"index","follow":"follow","max-snippet":"max-snippet:-1","max-image-preview":"max-image-preview:large","max-video-preview":"max-video-preview:-1"},"canonical":"https:\/\/kommunikationsberatung-reintjes.ch\/?page_id=49","og_locale":"de_DE","og_type":"article","og_title":"Vortr\u00e4ge halten: Lebendig und \u00fcberzeugend - Kommunikationsberatung Reintjes","og_description":"Vortragen: Lebendig und \u00fcberzeugend Es ist keine Zauberei gute Vortr\u00e4ge zu halten, ob eine Projektvorstellung vor Vorst\u00e4nden und F\u00f6rderern, ein&hellip;","og_url":"https:\/\/kommunikationsberatung-reintjes.ch\/?page_id=49","og_site_name":"Kommunikationsberatung Reintjes","article_modified_time":"2024-09-24T18:47:14+00:00","og_image":[{"url":"http:\/\/kommunikationsberatung-reintjes.ch\/wp-content\/uploads\/2020\/04\/bild-1.png","type":"","width":"","height":""}],"twitter_card":"summary_large_image","twitter_misc":{"Gesch\u00e4tzte Lesezeit":"1\u00a0Minute"},"schema":{"@context":"https:\/\/schema.org","@graph":[{"@type":"WebPage","@id":"https:\/\/kommunikationsberatung-reintjes.ch\/?page_id=49","url":"https:\/\/kommunikationsberatung-reintjes.ch\/?page_id=49","name":"Vortr\u00e4ge halten: Lebendig und \u00fcberzeugend - Kommunikationsberatung Reintjes","isPartOf":{"@id":"https:\/\/kommunikationsberatung-reintjes.ch\/#website"},"primaryImageOfPage":{"@id":"https:\/\/kommunikationsberatung-reintjes.ch\/?page_id=49#primaryimage"},"image":{"@id":"https:\/\/kommunikationsberatung-reintjes.ch\/?page_id=49#primaryimage"},"thumbnailUrl":"http:\/\/kommunikationsberatung-reintjes.ch\/wp-content\/uploads\/2020\/04\/bild-1.png","datePublished":"2020-01-23T17:47:56+00:00","dateModified":"2024-09-24T18:47:14+00:00","breadcrumb":{"@id":"https:\/\/kommunikationsberatung-reintjes.ch\/?page_id=49#breadcrumb"},"inLanguage":"de","potentialAction":[{"@type":"ReadAction","target":["https:\/\/kommunikationsberatung-reintjes.ch\/?page_id=49"]}]},{"@type":"ImageObject","inLanguage":"de","@id":"https:\/\/kommunikationsberatung-reintjes.ch\/?page_id=49#primaryimage","url":"https:\/\/kommunikationsberatung-reintjes.ch\/wp-content\/uploads\/2020\/04\/bild-1.png","contentUrl":"https:\/\/kommunikationsberatung-reintjes.ch\/wp-content\/uploads\/2020\/04\/bild-1.png","width":350,"height":376},{"@type":"BreadcrumbList","@id":"https:\/\/kommunikationsberatung-reintjes.ch\/?page_id=49#breadcrumb","itemListElement":[{"@type":"ListItem","position":1,"name":"Startseite","item":"https:\/\/kommunikationsberatung-reintjes.ch\/"},{"@type":"ListItem","position":2,"name":"Vortr\u00e4ge halten: Lebendig und \u00fcberzeugend"}]},{"@type":"WebSite","@id":"https:\/\/kommunikationsberatung-reintjes.ch\/#website","url":"https:\/\/kommunikationsberatung-reintjes.ch\/","name":"Kommunikationsberatung Reintjes","description":"F\u00fchrungskr\u00e4fte\u2013Entwicklung","potentialAction":[{"@type":"SearchAction","target":{"@type":"EntryPoint","urlTemplate":"https:\/\/kommunikationsberatung-reintjes.ch\/?s={search_term_string}"},"query-input":{"@type":"PropertyValueSpecification","valueRequired":true,"valueName":"search_term_string"}}],"inLanguage":"de"}]}},"jetpack_sharing_enabled":true,"_links":{"self":[{"href":"https:\/\/kommunikationsberatung-reintjes.ch\/index.php?rest_route=\/wp\/v2\/pages\/49","targetHints":{"allow":["GET"]}}],"collection":[{"href":"https:\/\/kommunikationsberatung-reintjes.ch\/index.php?rest_route=\/wp\/v2\/pages"}],"about":[{"href":"https:\/\/kommunikationsberatung-reintjes.ch\/index.php?rest_route=\/wp\/v2\/types\/page"}],"author":[{"embeddable":true,"href":"https:\/\/kommunikationsberatung-reintjes.ch\/index.php?rest_route=\/wp\/v2\/users\/1"}],"replies":[{"embeddable":true,"href":"https:\/\/kommunikationsberatung-reintjes.ch\/index.php?rest_route=%2Fwp%2Fv2%2Fcomments&post=49"}],"version-history":[{"count":47,"href":"https:\/\/kommunikationsberatung-reintjes.ch\/index.php?rest_route=\/wp\/v2\/pages\/49\/revisions"}],"predecessor-version":[{"id":1239,"href":"https:\/\/kommunikationsberatung-reintjes.ch\/index.php?rest_route=\/wp\/v2\/pages\/49\/revisions\/1239"}],"wp:attachment":[{"href":"https:\/\/kommunikationsberatung-reintjes.ch\/index.php?rest_route=%2Fwp%2Fv2%2Fmedia&parent=49"}],"curies":[{"name":"wp","href":"https:\/\/api.w.org\/{rel}","templated":true}]}}