{"id":976,"date":"2022-05-24T19:55:37","date_gmt":"2022-05-24T19:55:37","guid":{"rendered":"https:\/\/kommunikationsberatung-reintjes.ch\/?page_id=976"},"modified":"2024-10-05T09:21:59","modified_gmt":"2024-10-05T09:21:59","slug":"virtuelles-after-work-treffen-zur-traumapaedagogik","status":"publish","type":"page","link":"https:\/\/kommunikationsberatung-reintjes.ch\/?page_id=976","title":{"rendered":"Virtuelles After-Work-Treffen zur Traumap\u00e4dagogik"},"content":{"rendered":"\n<p><\/p>\n\n\n\n<p>Haben Sie beruflich oder ehrenamtlich mit Fl\u00fcchtlingskindern und<br>Jugendlichen zu tun?<br>Dann ist traumap\u00e4dagogisches Wissen ist gefragt.<\/p>\n\n\n\n<p>Ich biete f\u00fcr Fachleute und Ehrenamtliche ein virtuelles After-Work-Treffen an. <\/p>\n\n\n\n<p>Sie erhalten an einem Abend jeweils einen Input zu einem traumap\u00e4dagogischen Thema. Danach nehmen Sie an einem kollegialen Austausch teil, in dem bew\u00e4hrte Methoden besprochen und Ihre Anliegen behandelt werden. <\/p>\n\n\n\n<p>Die Themenabende bauen auf einander auf. Sie k\u00f6nnen auch einzeln besucht werden, da jeder Abend in sich abgeschlossen ist.<\/p>\n\n\n\n<p>Die n\u00e4chsten Termine bitte bei mir erfragen.  <\/p>\n\n\n\n<ul class=\"wp-block-list\">\n<li><strong>Trauma verstehen<\/strong><\/li>\n\n\n\n<li><strong>Traumafolgest\u00f6rungen- was ist zu tun?<\/strong><\/li>\n\n\n\n<li><strong>Wie sch\u00fctze ich mich vor \u00dcberbelastung?<\/strong><\/li>\n<\/ul>\n\n\n\n<p>Zur Zeit trifft sich eine geschlossene Gruppen. Sprechen Sie mich gerne an, um eine eigene Gruppe zu bilden.<\/p>\n\n\n\n<p><br><strong>Anmeldung<\/strong>: <a href=\"mailto:r.reintjes@bluewin.ch\">per Mail<\/a><\/p>\n\n\n\n<p>Rosemarie Reintjes<\/p>\n","protected":false},"excerpt":{"rendered":"<p>Haben Sie beruflich oder ehrenamtlich mit Fl\u00fcchtlingskindern undJugendlichen zu tun?Dann ist traumap\u00e4dagogisches Wissen ist gefragt. Ich biete f\u00fcr Fachleute und&hellip;<\/p>\n","protected":false},"author":1,"featured_media":0,"parent":0,"menu_order":0,"comment_status":"closed","ping_status":"closed","template":"","meta":{"footnotes":""},"class_list":["post-976","page","type-page","status-publish","hentry"],"yoast_head":"<!-- This site is optimized with the Yoast SEO plugin v27.5 - https:\/\/yoast.com\/product\/yoast-seo-wordpress\/ -->\n<title>Virtuelles After-Work-Treffen zur Traumap\u00e4dagogik - Kommunikationsberatung Reintjes<\/title>\n<meta name=\"robots\" content=\"index, follow, max-snippet:-1, max-image-preview:large, max-video-preview:-1\" \/>\n<link rel=\"canonical\" href=\"https:\/\/kommunikationsberatung-reintjes.ch\/?page_id=976\" \/>\n<meta property=\"og:locale\" content=\"de_DE\" \/>\n<meta property=\"og:type\" content=\"article\" \/>\n<meta property=\"og:title\" content=\"Virtuelles After-Work-Treffen zur Traumap\u00e4dagogik - Kommunikationsberatung Reintjes\" \/>\n<meta property=\"og:description\" content=\"Haben Sie beruflich oder ehrenamtlich mit Fl\u00fcchtlingskindern undJugendlichen zu tun?Dann ist traumap\u00e4dagogisches Wissen ist gefragt. Ich biete f\u00fcr Fachleute und&hellip;\" \/>\n<meta property=\"og:url\" content=\"https:\/\/kommunikationsberatung-reintjes.ch\/?page_id=976\" \/>\n<meta property=\"og:site_name\" content=\"Kommunikationsberatung Reintjes\" \/>\n<meta property=\"article:modified_time\" content=\"2024-10-05T09:21:59+00:00\" \/>\n<meta name=\"twitter:card\" content=\"summary_large_image\" \/>\n<meta name=\"twitter:label1\" content=\"Gesch\u00e4tzte Lesezeit\" \/>\n\t<meta name=\"twitter:data1\" content=\"1\u00a0Minute\" \/>\n<script type=\"application\/ld+json\" class=\"yoast-schema-graph\">{\"@context\":\"https:\\\/\\\/schema.org\",\"@graph\":[{\"@type\":\"WebPage\",\"@id\":\"https:\\\/\\\/kommunikationsberatung-reintjes.ch\\\/?page_id=976\",\"url\":\"https:\\\/\\\/kommunikationsberatung-reintjes.ch\\\/?page_id=976\",\"name\":\"Virtuelles After-Work-Treffen zur Traumap\u00e4dagogik - Kommunikationsberatung Reintjes\",\"isPartOf\":{\"@id\":\"https:\\\/\\\/kommunikationsberatung-reintjes.ch\\\/#website\"},\"datePublished\":\"2022-05-24T19:55:37+00:00\",\"dateModified\":\"2024-10-05T09:21:59+00:00\",\"breadcrumb\":{\"@id\":\"https:\\\/\\\/kommunikationsberatung-reintjes.ch\\\/?page_id=976#breadcrumb\"},\"inLanguage\":\"de\",\"potentialAction\":[{\"@type\":\"ReadAction\",\"target\":[\"https:\\\/\\\/kommunikationsberatung-reintjes.ch\\\/?page_id=976\"]}]},{\"@type\":\"BreadcrumbList\",\"@id\":\"https:\\\/\\\/kommunikationsberatung-reintjes.ch\\\/?page_id=976#breadcrumb\",\"itemListElement\":[{\"@type\":\"ListItem\",\"position\":1,\"name\":\"Startseite\",\"item\":\"https:\\\/\\\/kommunikationsberatung-reintjes.ch\\\/\"},{\"@type\":\"ListItem\",\"position\":2,\"name\":\"Virtuelles After-Work-Treffen zur Traumap\u00e4dagogik\"}]},{\"@type\":\"WebSite\",\"@id\":\"https:\\\/\\\/kommunikationsberatung-reintjes.ch\\\/#website\",\"url\":\"https:\\\/\\\/kommunikationsberatung-reintjes.ch\\\/\",\"name\":\"Kommunikationsberatung Reintjes\",\"description\":\"F\u00fchrungskr\u00e4fte\u2013Entwicklung\",\"potentialAction\":[{\"@type\":\"SearchAction\",\"target\":{\"@type\":\"EntryPoint\",\"urlTemplate\":\"https:\\\/\\\/kommunikationsberatung-reintjes.ch\\\/?s={search_term_string}\"},\"query-input\":{\"@type\":\"PropertyValueSpecification\",\"valueRequired\":true,\"valueName\":\"search_term_string\"}}],\"inLanguage\":\"de\"}]}<\/script>\n<!-- \/ Yoast SEO plugin. -->","yoast_head_json":{"title":"Virtuelles After-Work-Treffen zur Traumap\u00e4dagogik - Kommunikationsberatung Reintjes","robots":{"index":"index","follow":"follow","max-snippet":"max-snippet:-1","max-image-preview":"max-image-preview:large","max-video-preview":"max-video-preview:-1"},"canonical":"https:\/\/kommunikationsberatung-reintjes.ch\/?page_id=976","og_locale":"de_DE","og_type":"article","og_title":"Virtuelles After-Work-Treffen zur Traumap\u00e4dagogik - Kommunikationsberatung Reintjes","og_description":"Haben Sie beruflich oder ehrenamtlich mit Fl\u00fcchtlingskindern undJugendlichen zu tun?Dann ist traumap\u00e4dagogisches Wissen ist gefragt. Ich biete f\u00fcr Fachleute und&hellip;","og_url":"https:\/\/kommunikationsberatung-reintjes.ch\/?page_id=976","og_site_name":"Kommunikationsberatung Reintjes","article_modified_time":"2024-10-05T09:21:59+00:00","twitter_card":"summary_large_image","twitter_misc":{"Gesch\u00e4tzte Lesezeit":"1\u00a0Minute"},"schema":{"@context":"https:\/\/schema.org","@graph":[{"@type":"WebPage","@id":"https:\/\/kommunikationsberatung-reintjes.ch\/?page_id=976","url":"https:\/\/kommunikationsberatung-reintjes.ch\/?page_id=976","name":"Virtuelles After-Work-Treffen zur Traumap\u00e4dagogik - Kommunikationsberatung Reintjes","isPartOf":{"@id":"https:\/\/kommunikationsberatung-reintjes.ch\/#website"},"datePublished":"2022-05-24T19:55:37+00:00","dateModified":"2024-10-05T09:21:59+00:00","breadcrumb":{"@id":"https:\/\/kommunikationsberatung-reintjes.ch\/?page_id=976#breadcrumb"},"inLanguage":"de","potentialAction":[{"@type":"ReadAction","target":["https:\/\/kommunikationsberatung-reintjes.ch\/?page_id=976"]}]},{"@type":"BreadcrumbList","@id":"https:\/\/kommunikationsberatung-reintjes.ch\/?page_id=976#breadcrumb","itemListElement":[{"@type":"ListItem","position":1,"name":"Startseite","item":"https:\/\/kommunikationsberatung-reintjes.ch\/"},{"@type":"ListItem","position":2,"name":"Virtuelles After-Work-Treffen zur Traumap\u00e4dagogik"}]},{"@type":"WebSite","@id":"https:\/\/kommunikationsberatung-reintjes.ch\/#website","url":"https:\/\/kommunikationsberatung-reintjes.ch\/","name":"Kommunikationsberatung Reintjes","description":"F\u00fchrungskr\u00e4fte\u2013Entwicklung","potentialAction":[{"@type":"SearchAction","target":{"@type":"EntryPoint","urlTemplate":"https:\/\/kommunikationsberatung-reintjes.ch\/?s={search_term_string}"},"query-input":{"@type":"PropertyValueSpecification","valueRequired":true,"valueName":"search_term_string"}}],"inLanguage":"de"}]}},"jetpack_sharing_enabled":true,"_links":{"self":[{"href":"https:\/\/kommunikationsberatung-reintjes.ch\/index.php?rest_route=\/wp\/v2\/pages\/976","targetHints":{"allow":["GET"]}}],"collection":[{"href":"https:\/\/kommunikationsberatung-reintjes.ch\/index.php?rest_route=\/wp\/v2\/pages"}],"about":[{"href":"https:\/\/kommunikationsberatung-reintjes.ch\/index.php?rest_route=\/wp\/v2\/types\/page"}],"author":[{"embeddable":true,"href":"https:\/\/kommunikationsberatung-reintjes.ch\/index.php?rest_route=\/wp\/v2\/users\/1"}],"replies":[{"embeddable":true,"href":"https:\/\/kommunikationsberatung-reintjes.ch\/index.php?rest_route=%2Fwp%2Fv2%2Fcomments&post=976"}],"version-history":[{"count":10,"href":"https:\/\/kommunikationsberatung-reintjes.ch\/index.php?rest_route=\/wp\/v2\/pages\/976\/revisions"}],"predecessor-version":[{"id":1263,"href":"https:\/\/kommunikationsberatung-reintjes.ch\/index.php?rest_route=\/wp\/v2\/pages\/976\/revisions\/1263"}],"wp:attachment":[{"href":"https:\/\/kommunikationsberatung-reintjes.ch\/index.php?rest_route=%2Fwp%2Fv2%2Fmedia&parent=976"}],"curies":[{"name":"wp","href":"https:\/\/api.w.org\/{rel}","templated":true}]}}